{"id":757,"date":"2012-07-24T22:51:48","date_gmt":"2012-07-25T01:51:48","guid":{"rendered":"http:\/\/www.lugarvazio.com.br\/blog\/?page_id=757"},"modified":"2023-01-25T00:16:18","modified_gmt":"2023-01-25T03:16:18","slug":"jogos-olimpicos-2012-londres-2012-destaques","status":"publish","type":"page","link":"https:\/\/www.lugarvazio.com.br\/blog\/jogos-olimpicos-2012-londres-2012-destaques\/","title":{"rendered":"Jogos Ol\u00edmpicos 2012 \/ Londres 2012 &#8211; Destaques"},"content":{"rendered":"<div style=\"width: 648px\" class=\"wp-caption alignleft\"><img loading=\"lazy\" decoding=\"async\" src=\"http:\/\/www.london2012.com\/mm\/Photo\/photos\/General\/01\/29\/23\/06\/1292306_M01.jpg\" alt=\"\" width=\"638\" height=\"359\"><p class=\"wp-caption-text\">Parque ol\u00edmpico<\/p><\/div>\n<p>Oficialmente denominados <strong>Jogos da XXX Olimp\u00edada<\/strong> ou simplesmente como <strong><a href=\"http:\/\/www.london2012.com\/\">Londres 2012<\/a><\/strong>, os Jogos Ol\u00edmpicos de 2012 ser\u00e3o realizados na cidade de Londres entre 27 de Julho e 12 de Agosto de 2012. Os <strong>Jogos <a href=\"http:\/\/www.cpb.org.br\/noticias\/um-novo-tempo\/\">Paral\u00edmpicos<\/a> de Ver\u00e3o de 2012<\/strong> ser\u00e3o realizados na sequ\u00eancia, entre 29 de Agosto e 9 de Setembro.<\/p>\n<p>Londres \u00e9 a \u00fanica cidade a sediar oficialmente os Jogos Ol\u00edmpicos da Era Moderna por tr\u00eas vezes, nos anos de 1908, 1948 e 2012.<\/p>\n<p>Confira alguns fatos inusitados e curiosos relacionados com os Jogos e com a cidade de Londres que publicamos.<\/p>\n<p>&nbsp;<\/p>\n","protected":false},"excerpt":{"rendered":"<p>Oficialmente denominados Jogos da XXX Olimp\u00edada ou simplesmente como Londres 2012, os Jogos Ol\u00edmpicos de 2012 ser\u00e3o realizados na cidade de Londres entre 27 de Julho e 12 de Agosto de 2012. Os Jogos Paral\u00edmpicos de Ver\u00e3o de 2012 ser\u00e3o realizados na sequ\u00eancia, entre 29 de Agosto e 9 de Setembro. Londres \u00e9 a \u00fanica [&hellip;]<\/p>\n","protected":false},"author":1,"featured_media":0,"parent":0,"menu_order":0,"comment_status":"closed","ping_status":"closed","template":"pagewithcat.php","meta":{"ngg_post_thumbnail":0,"footnotes":""},"class_list":["post-757","page","type-page","status-publish","hentry"],"aioseo_notices":[],"_links":{"self":[{"href":"https:\/\/www.lugarvazio.com.br\/blog\/wp-json\/wp\/v2\/pages\/757","targetHints":{"allow":["GET"]}}],"collection":[{"href":"https:\/\/www.lugarvazio.com.br\/blog\/wp-json\/wp\/v2\/pages"}],"about":[{"href":"https:\/\/www.lugarvazio.com.br\/blog\/wp-json\/wp\/v2\/types\/page"}],"author":[{"embeddable":true,"href":"https:\/\/www.lugarvazio.com.br\/blog\/wp-json\/wp\/v2\/users\/1"}],"replies":[{"embeddable":true,"href":"https:\/\/www.lugarvazio.com.br\/blog\/wp-json\/wp\/v2\/comments?post=757"}],"version-history":[{"count":1,"href":"https:\/\/www.lugarvazio.com.br\/blog\/wp-json\/wp\/v2\/pages\/757\/revisions"}],"predecessor-version":[{"id":3305,"href":"https:\/\/www.lugarvazio.com.br\/blog\/wp-json\/wp\/v2\/pages\/757\/revisions\/3305"}],"wp:attachment":[{"href":"https:\/\/www.lugarvazio.com.br\/blog\/wp-json\/wp\/v2\/media?parent=757"}],"curies":[{"name":"wp","href":"https:\/\/api.w.org\/{rel}","templated":true}]}}