{"id":17,"date":"2012-04-11T20:11:33","date_gmt":"2012-04-11T23:11:33","guid":{"rendered":"http:\/\/192.168.1.102\/wordpress\/?page_id=17"},"modified":"2012-05-07T23:59:50","modified_gmt":"2012-05-08T02:59:50","slug":"vivo","status":"publish","type":"page","link":"https:\/\/www.lugarvazio.com.br\/blog\/movel\/vivo\/","title":{"rendered":"Vivo"},"content":{"rendered":"<p>Informa\u00e7\u00f5es e dicas \u00fateis sobre a Vivo. A Vivo \u00e9 a maior operadora brasileira, em n\u00famero de assinantes e cobertura, com servi\u00e7os de telefonia fixa e m\u00f3vel.<\/p>\n<ul>\n<li><strong><a title=\"VIVO\" href=\"http:\/\/www.vivo.com.br\" target=\"_blank\">Site da Vivo<\/a><\/strong><\/li>\n<\/ul>\n<p>&nbsp;<\/p>\n<p>Configura\u00e7\u00e3o de aparelhos para navegar utilizando Internet m\u00f3vel:<\/p>\n<p><strong>Dados<\/strong><br \/>\nNome = VIVO Internet<br \/>\nAPN = zap.vivo.com.br<br \/>\nProxy = N\u00e3o definido<br \/>\nPorta = N\u00e3o definido<br \/>\nUsu\u00e1rio = vivo<br \/>\nSenha = vivo<br \/>\nServidor = N\u00e3o definido<br \/>\nMMSC = N\u00e3o definido<br \/>\nProxy de MMS = N\u00e3o definido<br \/>\nPorta MMS = N\u00e3o definido<br \/>\nMCC = 724<br \/>\nMNC = 10<br \/>\nTipo autentica\u00e7\u00e3o = pap ou chap<br \/>\nTipo APN = default<\/p>\n<p><strong>MMS<\/strong><br \/>\nNome = VIVO MMS<br \/>\nAPN = mms.vivo.com.br<br \/>\nProxy = N\u00e3o definido<br \/>\nPorta = N\u00e3o definido<br \/>\nUsu\u00e1rio = vivo<br \/>\nSenha = vivo<br \/>\nServidor = N\u00e3o definido<br \/>\nMMSC = http:\/\/termnat.vivomms.com.br:8088\/mms<br \/>\nProxy de MMS = 200.142.130.104<br \/>\nPorta MMS = 80<br \/>\nMCC = 724<br \/>\nMNC = 10<br \/>\nTipo autentica\u00e7\u00e3o = pap ou chap<br \/>\nTipo APN = mms<\/p>\n<p>&nbsp;<\/p>\n","protected":false},"excerpt":{"rendered":"<p>Informa\u00e7\u00f5es e dicas \u00fateis sobre a Vivo. A Vivo \u00e9 a maior operadora brasileira, em n\u00famero de assinantes e cobertura, com servi\u00e7os de telefonia fixa e m\u00f3vel. Site da Vivo &nbsp; Configura\u00e7\u00e3o de aparelhos para navegar utilizando Internet m\u00f3vel: Dados Nome = VIVO Internet APN = zap.vivo.com.br Proxy = N\u00e3o definido Porta = N\u00e3o definido [&hellip;]<\/p>\n","protected":false},"author":2,"featured_media":0,"parent":127,"menu_order":0,"comment_status":"closed","ping_status":"closed","template":"","meta":{"ngg_post_thumbnail":0,"footnotes":""},"class_list":["post-17","page","type-page","status-publish","hentry"],"aioseo_notices":[],"_links":{"self":[{"href":"https:\/\/www.lugarvazio.com.br\/blog\/wp-json\/wp\/v2\/pages\/17","targetHints":{"allow":["GET"]}}],"collection":[{"href":"https:\/\/www.lugarvazio.com.br\/blog\/wp-json\/wp\/v2\/pages"}],"about":[{"href":"https:\/\/www.lugarvazio.com.br\/blog\/wp-json\/wp\/v2\/types\/page"}],"author":[{"embeddable":true,"href":"https:\/\/www.lugarvazio.com.br\/blog\/wp-json\/wp\/v2\/users\/2"}],"replies":[{"embeddable":true,"href":"https:\/\/www.lugarvazio.com.br\/blog\/wp-json\/wp\/v2\/comments?post=17"}],"version-history":[{"count":0,"href":"https:\/\/www.lugarvazio.com.br\/blog\/wp-json\/wp\/v2\/pages\/17\/revisions"}],"up":[{"embeddable":true,"href":"https:\/\/www.lugarvazio.com.br\/blog\/wp-json\/wp\/v2\/pages\/127"}],"wp:attachment":[{"href":"https:\/\/www.lugarvazio.com.br\/blog\/wp-json\/wp\/v2\/media?parent=17"}],"curies":[{"name":"wp","href":"https:\/\/api.w.org\/{rel}","templated":true}]}}